{"id":286,"date":"2019-12-03T21:39:15","date_gmt":"2019-12-03T20:39:15","guid":{"rendered":"http:\/\/matthieuchevillot.com\/?post_type=portfolio&#038;p=286"},"modified":"2019-12-03T21:39:15","modified_gmt":"2019-12-03T20:39:15","slug":"incendies-en-amazonie","status":"publish","type":"portfolio","link":"https:\/\/matthieuchevillot.com\/index.php\/portfolio\/incendies-en-amazonie\/","title":{"rendered":"Incendies en Amazonie"},"content":{"rendered":"\n<p>Incendies en Amazonie (2019)<br>FR &#8211; Illustration satirique \u00e0 propos de la crise de la d\u00e9forestation amazonienne, additionn\u00e9e \u00e0 de multiples d\u00e9parts de feu qui ravagent encore un espace de biodiversit\u00e9 et de thermor\u00e9gulation de plus en plus grignot\u00e9 par l&#8217;humain.<\/p>\n\n\n\n<p>EN -A satirical illustration of the Amazon deforestation crisis, combined with multiple outbreaks of fire that still ravage an area of biodiversity and thermoregulation that is increasingly being eaten by humans.<\/p>\n\n\n\n<p>Translation of written text :<\/p>\n\n\n\n<p>In addition to undergoing increased deforestation, the Amazonian forest is affected by many fires. When asked by the international community, President J. Bolsonaro reacted :<br>\n\u00abCan&#8217;t even SMOKE peacefully at home\u2026\u00bb<\/p>\n","protected":false},"excerpt":{"rendered":"<p>Incendies en Amazonie (2019)FR &#8211; Illustration satirique \u00e0 propos de la crise de la d\u00e9forestation amazonienne, additionn\u00e9e \u00e0 de multiples d\u00e9parts de feu qui ravagent encore un espace de biodiversit\u00e9 et de thermor\u00e9gulation de plus en plus grignot\u00e9 par l&#8217;humain. EN -A satirical illustration of the Amazon deforestation crisis, combined with multiple outbreaks of fire [&hellip;]<\/p>\n","protected":false},"author":1,"featured_media":203,"comment_status":"closed","ping_status":"closed","template":"","meta":[],"filters":[15,16,18],"_links":{"self":[{"href":"https:\/\/matthieuchevillot.com\/index.php\/wp-json\/wp\/v2\/portfolio\/286"}],"collection":[{"href":"https:\/\/matthieuchevillot.com\/index.php\/wp-json\/wp\/v2\/portfolio"}],"about":[{"href":"https:\/\/matthieuchevillot.com\/index.php\/wp-json\/wp\/v2\/types\/portfolio"}],"author":[{"embeddable":true,"href":"https:\/\/matthieuchevillot.com\/index.php\/wp-json\/wp\/v2\/users\/1"}],"replies":[{"embeddable":true,"href":"https:\/\/matthieuchevillot.com\/index.php\/wp-json\/wp\/v2\/comments?post=286"}],"version-history":[{"count":1,"href":"https:\/\/matthieuchevillot.com\/index.php\/wp-json\/wp\/v2\/portfolio\/286\/revisions"}],"predecessor-version":[{"id":287,"href":"https:\/\/matthieuchevillot.com\/index.php\/wp-json\/wp\/v2\/portfolio\/286\/revisions\/287"}],"wp:featuredmedia":[{"embeddable":true,"href":"https:\/\/matthieuchevillot.com\/index.php\/wp-json\/wp\/v2\/media\/203"}],"wp:attachment":[{"href":"https:\/\/matthieuchevillot.com\/index.php\/wp-json\/wp\/v2\/media?parent=286"}],"wp:term":[{"taxonomy":"filters","embeddable":true,"href":"https:\/\/matthieuchevillot.com\/index.php\/wp-json\/wp\/v2\/filters?post=286"}],"curies":[{"name":"wp","href":"https:\/\/api.w.org\/{rel}","templated":true}]}}

<p>Incendies en Amazonie (2019)<br>FR &#8211; Illustration satirique à propos de la crise de la déforestation amazonienne, additionnée à de multiples départs de feu qui ravagent encore un espace de biodiversité et de thermorégulation de plus en plus grignoté par l&#8217;humain.</p>



<p>EN -A satirical illustration of the Amazon deforestation crisis, combined with multiple outbreaks of fire that still ravage an area of biodiversity and thermoregulation that is increasingly being eaten by humans.</p>



<p>Translation of written text :</p>



<p>In addition to undergoing increased deforestation, the Amazonian forest is affected by many fires. When asked by the international community, President J. Bolsonaro reacted :<br>
«Can&#8217;t even SMOKE peacefully at home…»</p>

<p>Incendies en Amazonie (2019)FR &#8211; Illustration satirique à propos de la crise de la déforestation amazonienne, additionnée à de multiples départs de feu qui ravagent encore un espace de biodiversité et de thermorégulation de plus en plus grignoté par l&#8217;humain. EN -A satirical illustration of the Amazon deforestation crisis, combined with multiple outbreaks of fire [&hellip;]</p>
